the second derivative of m**6/360 - m**5/40 - m**4/6 + m**3/3 - 3*m. Let o(b) be the second derivative of d(b). What is o(4)?
0
Suppose -26 = 5*c + 3*x - 2, 8 = -c + x. Let b be 2/(-7) - c/21. Let z(t) = -t**2 + t - 6. What is z(b)?
-6
Let h(q) = 2*q - q + q**2 - 3*q**3 + q**3. Suppose 0*z = -5*z + 10. Suppose z*b = -0*b - 2. Calculate h(b).
2
Let p(o) be the first derivative of -7*o**5/60 + o**4/24 + 2*o**2 - 3. Let x(t) be the second derivative of p(t). Give x(-1).
-8
Let h(p) = 3*p + 2. Let q = 6 + -3. Suppose -q*b + 0*b = 0. Suppose b*n + n = -2. Give h(n).
-4
Let o(r) be the third derivative of r**5/60 - 7*r**4/24 + 5*r**3/6 - 2*r**2 - 43. Determine o(4).
-7
Let y be -10*(-2)/(2 - 6). Let a(k) be the first derivative of -k**2 - 4*k + 31. Determine a(y).
6
Let o(t) be the third derivative of 1/2*t**3 + 5/24*t**4 + 1/60*t**5 + 0 + 0*t - t**2. Let g = 0 + -5. Determine o(g).
3
Let g = -18 - -21. Suppose -j - 3*j + 25 = 5*c, g*c = -5*j + 28. Let q(t) = 0*t + 8 - 1 - t. Calculate q(j).
2
Suppose -2*k = -k - 1. Suppose 2*l = 3*p + k, 2*l - 11 - 11 = -4*p. Suppose 12 = -4*u - g, -4*u + 0*u - p*g = 4. Let t(r) = r**2 + 5*r + 2. Calculate t(u).
-2
Let n(d) = 3*d + 19. Let b(s) = 2*s + 9. Let y(u) = 5*b(u) - 3*n(u). Calculate y(10).
-2
Let g(m) be the second derivative of 3*m**5/10 - m**4/12 + m**2/2 - 3*m. What is g(-1)?
-6
Suppose 22 = 19*t + 98. Let b(y) = -y**2 - 6*y - 1. What is b(t)?
7
Let z(b) = b**2 + 7*b + 8. Let g be z(-6). Suppose -5*s - 8 = 3*w - 2*w, 4*s = -4*w. Let i(d) = 0 - 1 + d - d**2 + w. Determine i(g).
-1
Let i(f) = f**2 - 6*f + 5. Let t(h) = 1. Let l(b) = -3*b - 14. Let k(o) = l(o) + t(o). Let c be k(-6). Determine i(c).
0
Let a be -3 + -4 + 33*-3. Let t be 3/7 - a/14. Let j(o) = -o + 7. What is j(t)?
-1
Let m(l) = 3*l**3 - 6*l**2 - 6*l + 1. Let t(n) be the first derivative of n**4/4 - 2*n**3/3 - n**2 - 6. Let k(r) = 3*m(r) - 8*t(r). What is k(3)?
6
Let b(z) = 10*z**2 - 2*z + 1. Let p(l) = l**3 - 5*l**2 + 6*l - 7. Let o be p(4). Let i be (o + 0)*(-5 - -6). Calculate b(i).
9
Let u(r) = -5*r + 11*r - 5*r - 5. What is u(0)?
-5
Let x(p) = -34*p**2 - 5 + 29*p**2 - p**3 - 2 + 3 + 6*p. Calculate x(-6).
-4
Let w(b) be the second derivative of -5*b + 1/2*b**2 - 5/6*b**3 + 0 + 1/12*b**4. What is w(6)?
7
Let g(t) = 2*t + 12. Let b(m) = -m - 8. Let u(a) = -7*b(a) - 5*g(a). Suppose 0 = -3*p + 3 - 12. Calculate u(p).
5
Let r = 48 + -44. Let w(t) = -t**2 + 3*t - 1. Give w(r).
-5
Let c(k) = -k**3 + 2*k**2 + 2*k - 3. Let g = -16 - -19. What is c(g)?
-6
Let p(m) = 2*m + 9. Let a(u) = 6*u. Let z be a(-1). Determine p(z).
-3
Let f(t) = t**2 - 2*t - 1. Suppose 0 = -r - 3*r + 3*n - 17, -n = 5*r + 26. Let m be (-1)/3*r*-3. Let u = m + 8. Determine f(u).
2
Let k(l) be the second derivative of 2*l + 1/12*l**4 + 1/2*l**2 - l**3 + 0. Give k(6).
1
Let z(d) = -3*d**3 + 2*d**2 - 3*d + 1. Let k be z(1). Let n be ((-1 + 2)*k)/1. Let c(m) = -4*m**3 + 4*m**3 - m**3 + m - 4*m**2 + 4. Determine c(n).
-8
Let y(v) = -2*v**3 + 2*v**2 + 3*v - 2. Let l(u) = u**3 + 10*u**2 + 8*u - 7. Let x be l(-9). Determine y(x).
-4
Suppose -28 = 4*i - 2*h, 0*h = 5*h + 20. Let t be i/6*8/(-3). Suppose 4*l + 24 = t*g, g + 15 = 4*g. Let v(y) = 3*y**3 + y**2 + y. Calculate v(l).
-3
Let r be -1 - (9*2)/(-2). Let b = r + -9. Let u(j) = 3*j - 1. Calculate u(b).
-4
Let g = 4 + -2. Let o(b) = -b - b**2 + 2 - g*b**2 + b**2 + b**2. What is o(0)?
2
Let h be (3/(-2))/(2/(-4)). Let r = -2 + h. Let m(n) = 5*n - r - 3*n + 0. Determine m(1).
1
Let b(l) = 3*l**2 - 2*l + 3*l + 10*l**3 - 2 - 9*l**3. Give b(-3).
-5
Let g(n) be the second derivative of n**4/2 - n**3/6 + n. Let s = -728 + 729. What is g(s)?
5
Let a(x) = -x**2 - x. Let v(t) = -5*t**2 - 10*t + 3. Let z(q) = -4*a(q) + v(q). Determine z(-6).
3
Let z(l) be the second derivative of -l**4/12 + l**3 + 20*l - 7. Let d(g) = g**2 - 2*g - 3. Let v = 10 - 6. Let r be d(v). Calculate z(r).
5
Let f(y) = 5*y + 6. Suppose 6*d - 3*d = -27. Let n(k) = 2*k + 3. Let a(c) = d*n(c) + 4*f(c). Give a(2).
1
Suppose -t + 0*t = -7. Suppose -5*f + 2*k = -0*k + 11, -f - 2*k - t = 0. Let u = f - -3. Let y(d) = d**3 + d**2 - d - 1. Give y(u).
-1
Let h be -3*(-2 - 6/(-9)). Let y(o) = o**3 - 9*o**2 + 9*o - 6. Let s be y(8). Suppose 2*t + 8 = -s*j, 0*t - 2*t = -h. Let p(n) = -n - 2. Determine p(j).
4
Let y(s) = s**3 + 4*s**2 - 2. Let x be 36/(-16) + 1/4. Give y(x).
6
Let f(n) = 2*n**2 - 3*n + 1. Let d be f(2). Let l(h) = 4*h**3 + 4*h**2 - 4*h - d*h - 3*h**3 + 3*h. Determine l(-5).
-5
Let l(c) = c**2 + 6*c - 1. Suppose 9*w + 24 = 12*w. Let n(f) = f**3 - 7*f**2 - 10*f + 10. Let t be n(w). Determine l(t).
-1
Let u(b) = -2*b + 5. Let p(f) = 7. Let i(r) = -3. Let x(s) = -5*i(s) - 2*p(s). Let h(n) = u(n) - x(n). Give h(4).
-4
Let m(l) be the third derivative of 1/8*l**4 + 0 + 0*l - 5/6*l**3 + l**2. Determine m(4).
7
Suppose 5*f - 8 = -0*h - 2*h, h = -3*f + 5. Let s(k) = 3 - 4*k**2 - k**3 - f*k**3 + 4*k**3. Calculate s(3).
-6
Let j(x) = 3*x - 1. Let p be j(2). Let m(n) = 5*n - 1 + 3 + 1 + 4 - n**2. Calculate m(p).
7
Let m(u) = 3*u**3 - u**2 - u. Let o(a) = -a**2 + 15*a - 19. Let n be o(13). Let i = n + -8. Calculate m(i).
-3
Suppose 5*b - 20 = 5. Suppose -3*s + 2*g = 2, s + 3*s - b*g = 2. Let u(j) = 17*j - 9. Let h(y) = -4*y + 2. Let l(c) = -26*h(c) - 6*u(c). Determine l(s).
-2
Let m(t) be the second derivative of t**5/20 - 5*t**4/12 - 7*t**3/6 - 4*t**2 - 41*t. Calculate m(6).
-14
Let w(c) be the first derivative of 5*c**2/2 - 2*c - 9. Suppose -3*p = 5 + 1. Determine w(p).
-12
Let i(q) = -q - 4. Let k be (-4 - (-15 + 4) - 4)/(-1). Give i(k).
-1
Let p(k) = k**3 + 13*k**2 - 2*k - 21*k**2 + 11*k**2 - 3. Give p(-4).
-11
Let u(h) = -2*h**3 + 4*h + 4. Let a(j) = -j**3 + j + 1. Let f(o) = 4*a(o) - u(o). Give f(1).
-2
Let z be (-10)/(-4)*30/(-25). Let b(j) = -6*j**3 + 2*j**2 - 3*j + 3. Let y(q) = -5*q**3 + q**2 - 3*q + 2. Let c(s) = -4*b(s) + 5*y(s). What is c(z)?
7
Let l(r) = -r**2 - 2*r + 2. Suppose 2*u + 1 - 7 = 0. Let n(z) = z**3 - 3*z**2. Let q be n(u). Suppose m + 2*x + 3 = q, -3*m - m - 5*x = 12. Determine l(m).
-1
Let m(q) be the first derivative of 2*q**2 - q - 1 + 1/3*q**3. Suppose -2*t = -5*h - 21, -t - 5*h - 25 = 2. Give m(t).
-5
Let r(y) = -y**3 + y**2 + y + 3. Let s be r(0). Let w(i) = 3 + i**2 - 2*i**2 - s*i + 4*i. Suppose 4*u - 7*o + 2*o = 16, -5*o = 0. What is w(u)?
-9
Let w be 30/12*(1 - -1). Let q(x) = w*x - 5*x + 3*x + 2*x. Give q(-1).
-5
Let y(s) = 55*s + 11. Let b(t) be the third derivative of 11*t**4/24 + t**3/3 - 2*t**2. Let h(l) = -11*b(l) + 2*y(l). Suppose 4*r = 5*r + 1. Determine h(r).
11
Let b(s) = -2*s - 6. Suppose u = g + 9, -20 - 1 = -5*u - g. Suppose -v - 5*z = -19, 0 = -u*v + z + 4*z - 55. Determine b(v).
6
Let q(n) = n**3 + 6*n**2 + 6*n + 3. Let m be q(-5). Let l = -1 - m. Let c(v) = 7*v**3 - 2*v**2 + 1. What is c(l)?
6
Let p(h) = -h**3 - 3*h**2 + 4*h + 2. Let u be p(-4). Let n(k) = 9*k - 3. Determine n(u).
15
Let b(a) = -a + 1. Let v be b(7). Let i = 10 + v. Let c(f) = 1 + f + 0*f + f - i*f. Calculate c(-1).
3
Suppose -8 = 4*r + 4*j, j + 6 + 0 = 3*r. Let l = r - 2. Let a(v) = 8*v + 4*v - 5*v. Give a(l).
-7
Let j(h) = 7*h**2 - 4*h + 4*h. Suppose -7*x + 3 = -10*x. What is j(x)?
7
Suppose 56 = 5*m - 64. Let l be (2/(-4))/(3/m). Let c(u) = 0*u**2 - 4*u + 6 - u**2 - 2. Calculate c(l).
4
Let t(j) = j**2 + 4*j + 3. Suppose 2 + 4 = -g. Let c = -6 - g. Suppose -15 = 5*z - 5*d, c*z - 2*d = -5*z - 21. What is t(z)?
8
Suppose 10 = 5*k, -5*k = -x - 0 - 8. Suppose 0*g - 2 = -g. Let m(t) = x*t - 1 + 0 + g*t. Calculate m(-3).
-13
Let q(h) = -h**2 + 10*h - 5. Suppose 4*p - 2*o = 48, -2*p = -6*p + 3*o + 52. Determine q(p).
-5
Let w be 10 + 2 + (1 - 4). Suppose i + 5*f = -0*i - w, -4*f = -3*i - 8. Let a(r) be the first derivative of -r**2/2 - 8*r - 1. Determine a(i).
-4
Let r(b) = -b + 13. Suppose 18 = -2*m + 4*m. Let p be r(m). Let k(j) = 0*j - p + j - 3*j**2 + j**3 - 3*j. Calculate k(4).
4
Let r(o) be the first derivative of -o**3/3 - 3*o**2 - 7*o + 18. Give r(-5).
-2
Let a(b) = -b**3 + 4*b**2 - 1. Let t = -86 - -89. Let f = 1 + 0. Let d = t - f. What is a(d)?
7
Suppose -39 = 4*m + 5*q, 5*q = 2*q + 3. Let k = m + 15. Let h(r) = r**2 - 5*r + 1. Give h(k).
-3
Let g(x) = -2*x**3 + 2*x**2 + x - 2. Let k be g(2). Let c(h) = -h**3 - 7*h**2 + 9*h + 10. Let o be c(k). Let